 = 8*o. Let l(u) = -299*u**2 - o*u + 300*u**2 + 3 + 0*u. Determine l(4).
-1
Let k(m) = m + 9. Let n = -63 + 67. Let v(p) = -20*p + 70. Let a be v(n). Calculate k(a).
-1
Let n be (-1)/3 - (-5)/(-3). Let i = 442 - 445. Let a be 0 + (-10 - i) - n. Let z(r) = 2*r + 7. Calculate z(a).
-3
Let b = 674 + -367. Let o = b - 316. Let q(m) = m - 1. Give q(o).
-10
Suppose -38*q + 191 - 433 = 974. Let g(p) = p**3 + 32*p**2 + 2*p + 73. Calculate g(q).
9
Let u(q) = -q**3 - 4*q**2 + 14*q + 55. Let f = 214 + -219. Let p be u(f). Let b(w) = w - 8. Give b(p).
2
Let k = 351 + -355. Let l be (-1 - k)*(-120)/(-72). Let n(b) = b**2 - 8*b + 7. Give n(l).
-8
Let i(w) = 17*w**3 + 6*w**2 + 9*w + 1. Let v(b) = -3*b**3 - 2*b**2 - b + 1. Let h(r) = i(r) + 6*v(r). What is h(-4)?
-37
Let k be 4*((-6)/(-4) + -1). Suppose -3*z = 3*l + 9, 2*z - 5*z - 19 = -2*l. Let m(t) = -3*t + 43*t**2 - 80*t**l + 2 + 38*t**2. What is m(k)?
0
Let s(o) = -39 + 2*o - o**2 + 74 - 33 + 2*o. Give s(3).
5
Let l = -108 - -192. Let a = -77 + l. Let s(n) = 8 + a*n - 12 + n**2 - 4*n. Determine s(-5).
6
Let n = -10629 - -10639. Let r(d) = -d**3 + 8*d**2 + 20*d + 19. Calculate r(n).
19
Suppose 295*n = 300*n - 40. Suppose -5*w + a - 8 = 0, -n - 2 = 5*a. Let q(x) = -5*x - 3. Calculate q(w).
7
Let t(f) be the third derivative of -f**5/60 + 3*f**4/8 - 5*f**3/6 + 127*f**2 + 4*f. What is t(7)?
9
Let k(s) = 55*s - 131. Let b be k(5). Suppose g + 15*g - b = 0. Let a(m) = m**3 - 8*m**2 - 8*m - 10. Determine a(g).
-1
Let q(x) = -2*x**2 - 30*x + 34. Let v be q(-16). Let i(p) = -189*p + 1 - 8 - p**v - 3 + 188*p. What is i(0)?
-10
Let d(n) = n - n + 2*n - 4*n - 11 + 0. Let u = -19 - -7. What is d(u)?
13
Let v = 9 - -4. Let q(a) = -a**3 - 12*a + 69 - 78 + 191*a**2 - 177*a**2. Determine q(v).
4
Let x(y) = -y - 417. Let h(v) = -v - 210. Let p(w) = 2*h(w) - x(w). Suppose 5*k - 7 = 13. What is p(k)?
-7
Let w(u) be the third derivative of 2*u**2 + 1/2*u**3 + 23/24*u**4 + 0*u - 1/60*u**5 + 151. Give w(23).
3
Let y be 238/(-34) - -6 - (0 + 2 - 1). Let n(k) = 11*k + 14. Give n(y).
-8
Let y(x) = -x. Suppose 56 - 97 = -14*g + 71. Determine y(g).
-8
Let l(c) = 3*c + 30 + 26 + 31 - 81. Suppose -11 = 4*r + 5. What is l(r)?
-6
Let l be (-1)/((-5 + 2)/(-27)). Let k(t) be the third derivative of t**5/60 + t**4/3 - 13*t**3/6 - 1057*t**2 + 2*t + 2. What is k(l)?
-4
Let z(n) = -6847 - 6798 + n + 13679. What is z(-24)?
10
Let y(d) = -4860*d**2 + 2429*d**2 + 4*d + 2432*d**2 - 19 + 5 + 4*d. Calculate y(-9).
-5
Let a(v) = 26*v - 12. Let m(g) = 14*g - 6. Let d(n) = 6*a(n) - 11*m(n). Calculate d(-7).
-20
Let p = 223 + -213. Let f(v) = v**2 - 8*v - p - 4 + 8 - 2*v**2 + 5. Let b be 1/4 + (-25)/4. Determine f(b).
11
Let p be 14 + (-1 - (-2 + 0)). Let b be (12/(-10))/(p/(-50)). Let y(a) be the second derivative of -a**5/20 + 5*a**4/12 - a**3/2 + a**2 - 1124*a. Give y(b).
6
Suppose -11 = -4*s + i, -i + 1 = -s - 0*i. Let l(a) = -s*a + 5*a - 50 + 48. Calculate l(0).
-2
Let n(j) = -5*j**3 + 6*j**2 + 2*j + 18. Let f(p) = 3*p + 17 - 11*p**3 + 20 + 11*p**2 + 2*p. Let d(z) = -4*f(z) + 9*n(z). Let l be 25/2*(-4)/(-5). What is d(l)?
-6
Let f(g) = g**3 + 4*g**2 - 32*g - 4. Let v be 3/(((-231)/(-56))/(-11)). What is f(v)?
-4
Suppose 48*l = -80*l + 128. Let g(q) = 45*q**2. What is g(l)?
45
Let a = 3 - -4. Let m(x) = x**2 + a - 11*x + 0*x**2 + 19*x. Let p be (-2)/5*120/8. Determine m(p).
-5
Suppose 119 = u + 110. Suppose -6*z + 9*z = u. Let o(c) = -c + 5. Determine o(z).
2
Let s(z) = 9*z**2 + 88*z. Let y(h) = 5*h**2 + 49*h + 1. Let o(c) = -6*s(c) + 11*y(c). Calculate o(-12).
23
Suppose -j = 2*b - 3, 3*j + 0*j = -4*b + 3. Let r = -108 - -112. Let v(k) = -238*k - r + 240*k + 1. Give v(b).
3
Suppose 11*t + 240 = 23*t. Let s(b) = -14 + 35 - 13*b - t + 34*b. Determine s(-1).
-20
Let d(o) = -74*o**3 + 21*o**2 - 11*o - 14. Let g(j) = 33*j**3 - 10*j**2 + 5*j + 7. Let p(u) = 4*d(u) + 9*g(u). Determine p(6).
13
Let a(v) = -3*v**2 - 4*v + 2. Let h(b) = b**2 - 1. Let p(g) = -a(g) - 4*h(g). Suppose -236 = 3*z - 7*z. Let u = -54 + z. What is p(u)?
-3
Suppose -2*t + 10 = 2. Let f(d) be the third derivative of -d**6/120 + d**5/30 + d**4/3 + 59*d**2. Calculate f(t).
0
Let y(c) be the second derivative of c**3/3 + 3*c**2/2 - 2*c. Let j be 102/4*16/(-24). Let p(z) = -z**3 - 19*z**2 - 36*z - 37. Let b be p(j). Give y(b).
-3
Let x(s) be the first derivative of -s**4/4 - 11*s**3/3 + 3*s**2/2 - 92*s - 2627. Give x(-12).
16
Let p(c) = c**3 - 6*c**2 + c - 2. Let t = -6144 - -6151. What is p(t)?
54
Let z(g) be the first derivative of -g**3/3 - 2*g**2 - 4*g - 2003. Let f = -18 - -13. Let j = 2 + f. Give z(j).
-1
Suppose -q = 5*v - 10, -5*q = -11*v + 15*v - 8. Let n(j) be the first derivative of 9 + 7/3*j**3 + 0*j**v - j. What is n(-1)?
6
Let o(i) be the second derivative of 1/20*i**5 + 17/2*i**2 - 22*i + 0 + 7/3*i**3 + 13/12*i**4. Give o(-12).
-7
Let p(v) be the third derivative of 7*v**4/12 - 52*v**3/3 - 1496*v**2 - 2. What is p(9)?
22
Let a(b) = 3*b**3 + 26*b**2 - 21*b + 2. Let o = 129 - 132. Let u(t) = t**3 + 9*t**2 - 7*t + 1. Let h(c) = o*a(c) + 8*u(c). Give h(-7).
2
Let y(d) = d**2 - 8*d - 6. Suppose -4*o - 35 = 109. Let s = -32 - o. Suppose -s*w + 5*w + 11 = k, w + 43 = 5*k. Calculate y(k).
-6
Let x(z) be the first derivative of -z**6/360 - z**5/10 - z**4/2 - z**3/3 - 8*z + 45. Let i(s) be the third derivative of x(s). Give i(-12).
-12
Let n(c) = 58*c + 346. Let k = -14554 - -14548. Calculate n(k).
-2
Let r(z) = -12 - 3995*z**2 + 20*z**3 - 4*z - 19*z**3 + 2001*z**2 + 1999*z**2. Give r(-6).
-24
Let b(j) = -j + 2. Suppose 1799 = 16*c - 9*c. Let w = 258 - c. Calculate b(w).
1
Let a = 92 + -86. Let c(p) = -197*p**3 + 99*p**3 - 4 + 99*p**3 + a*p**2. Calculate c(-4).
28
Let w be (-18)/(-81) - (-673)/9. Let z(x) = -2*x + w + 62 - 145. What is z(-4)?
0
Let t be 16/(-72) + 418/18 + 1. Let x(q) = 19 + t*q - 28*q - 17. Suppose 4*n = -0 + 8. Determine x(n).
-6
Let q(t) = -t**3 - 11*t - 4 + t + 4*t**2 + 9*t. Let w be q(3). Let d(j) = -9 - w*j**2 + j**3 + 10*j**2 + 8*j + 12 - 1. Give d(-7).
-5
Let n(w) = -w**3 - 5*w**2 + 5. Suppose 5*x - h + 86 = 0, 2*x = -5*h - 81 + 25. Let y be ((-60)/x)/(1/3). Suppose 7*r - 5*r = -y. Determine n(r).
5
Let u(s) = -3*s**2 - s - 1. Let c = -13 - -15. Let z(p) be the third derivative of -p**4/8 + 5*p**3/6 - 25*p**2. Let v be z(c). Give u(v).
-3
Let u be (-4 + 12)/(-2) - -7. Let r(b) = -137 + 265 - b**3 + u*b + 6*b**2 - 4*b - 135. Determine r(5).
13
Suppose -3*r + 9 = 144*d - 145*d, 0 = -4*d. Let h(y) be the first derivative of 3/2*y**2 - 7 - r*y. What is h(4)?
9
Let u(v) = 8*v. Let x = -106 - -110. Suppose -3*d - x*r = 15, 3*d + 2*r + 0 = -9. Calculate u(d).
-8
Let d(u) = u + 1. Let y(r) = -r**3 + 10*r**2 - 11*r - 16. Let o(j) = j**2 + 13*j + 17. Let s be o(-12). Let t(h) = s*d(h) + y(h). Give t(9).
16
Let u = -7219 + 7209. Let n(f) = -f**2 - 11*f - 27. Calculate n(u).
-17
Let f(u) = 2*u**3 - 50*u**2 - 50*u + 11. Let z be f(26). Let y be -2*-2*1*-9. Let q be (-3)/(14/z - (-62)/y). Let b(v) = 4*v**3 - 2*v**2 - v. Calculate b(q).
22
Let z(t) = -2*t**2 - 15*t - 1. Suppose 200 = 277*b - 302*b. Determine z(b).
-9
Let t(f) be the third derivative of 7*f**4/24 - 7*f**3/2 - 4*f**2 - 2*f. Calculate t(4).
7
Let r(w) = -4*w**2 + 9*w - 11. Let s(m) = 5*m**2 - 11*m + 13. Let x(b) = -6*r(b) - 5*s(b). Calculate x(-3).
-11
Suppose 12 - 15 = -q. Let v = -19 + 28. Let g(k) = v - k - 17 + 7. Give g(q).
-4
Let l(p) = p**2 - 4*p + 4. Suppose 4*c = -3*g + 28, -5*g + 1 - 31 = -c. Give l(c).
64
Let a = -173 - -169. Let y(n) be the first derivative of 9*n**2/2 + 4*n + 45. Give y(a).
-32
Let h(u) = -3*u - 6*u - 39 - 2*u**2 + 23 + 3*u + u**2. Give h(-7).
-23
Let l(u) = u**2 - 12*u - 116. Let t(g) = g**3 + 13*g**2 - 13*g + 32. Let i be t(-14). Calculate l(i).
-8
Let y(l) be the first derivative of 0*l + 9*l + 56 - 51*l**2 + 50*l**2. Calculate y(4).
1
Let u(i) = -4*i**2 - 1. Let b(w) = 13*w**2 - 38*w - 45. Let r(p) = b(p) + 4*u(p). Give r(-11).
6
Let k(j) = -35*j**2 + 10*j - 8. Let a(s) = 163*s**2 - 49*s + 38. Let h(w) = 3*a(w) + 14*k(w). Suppose 6*f - 12 = 2*o + f, 24 = -4*o - 3*f. Determine h(o).
8
Suppose 9*g - 72 = -63*g. Let b(f) = 39*f - 34. Give b(g).
5
Let r(y) = -y - 21. Let u be (-9 - -20 - 19) + -1. Calculate r(u).
-12
Let b = 5 + -10. Let q(z) = -6*z**2 + 10. Let n(v) = -25*v